s**2 - 2*s - 5. Let t be k(4). Let h(f) = -2*f - t + 3*f + 4*f. What are the prime factors of h(2)?
7
Let y(a) = a**3 - 5*a**2 + 2*a - 2. Let d be y(5). Suppose 1 = l - 4*v, 2*l - 3*v + d = 3*l. What are the prime factors of l?
5
Let k(r) = -r**3 - 3*r**2 - 2*r - 2. Let v = -3 + 1. Let w be k(v). Let m = 5 + w. List the prime factors of m.
3
List the prime factors of (-56)/16*(-76)/7.
2, 19
Suppose -101 = -5*o + 599. What are the prime factors of o?
2, 5, 7
Let f(r) = 2*r**2 + 4*r + 7. What are the prime factors of f(7)?
7, 19
Let w = -19 - -33. List the prime factors of w.
2, 7
Let m(c) = -c**2 + 6*c - 3. Let w be m(6). Suppose 0 = -9*f + 7*f + f. List the prime factors of w + (21 - (f + 0)).
2, 3
Let h(b) = -b**3 - b**2 + 9. Let p be h(0). Let t = 15 - p. What are the prime factors of ((-26)/t)/((-2)/6)?
13
Let z = 9 - 6. Suppose -s - 3*u = -49, -5*u = -z*s - 2*s + 185. Suppose -2*n = 6 - s. What are the prime factors of n?
17
Let a = -3 - 3. Let i(m) = m**2 + 5*m + 5. What are the prime factors of i(a)?
11
Suppose 0 = -4*h + 204 + 80. List the prime factors of h.
71
Suppose 0 = 4*h + u + 5 + 5, 5*h = -2*u - 14. Let p = -2 - h. Suppose -2*w = -p*w - 22. What are the prime factors of w?
11
Let x be (-2)/6 - (-5)/(-3). Let y(s) = -2*s**3 - 3*s**2 - s - 1. Let t be y(x). Suppose -t*u - 4*f = -31, -3*f - 2 - 8 = -u. What are the prime factors of u?
7
Let h = 35 + -21. List the prime factors of h.
2, 7
Suppose -2 = -0*q - q. What are the prime factors of q - 3 - -1 - -3?
3
Let r be 3 + 136/((-6)/(-3)). Suppose 5*i = -2*m - r, 10 = 3*i + 3*m + 49. What are the prime factors of 3*-3*i/9?
3, 5
Suppose -y + 0*s = -2*s + 5, y - 4*s = -15. Suppose -2*f = 3 - y. Let r = f + 1. List the prime factors of r.
2
Let l(o) = o + 7. Let d be l(-6). Let c = d - -23. What are the prime factors of c?
2, 3
Suppose -10*c = -6*c - 180. List the prime factors of c.
3, 5
Let x(w) = -2*w - 4. Let n be x(-3). Suppose -n*v - 3*t = 11 - 30, -5*t + 5 = -2*v. What are the prime factors of v?
5
Suppose 4*o - 20 = 2*d + 2*d, 3*o = -2*d + 40. Suppose -2*j - o = -7*j. List the prime factors of j.
2
Suppose 12 = -c + 20. Let f = 16 + c. What are the prime factors of f?
2, 3
Let x = 7 + 19. List the prime factors of x.
2, 13
Suppose 4*r + 2*l + 0*l - 406 = 0, -l = r - 101. What are the prime factors of r?
2, 3, 17
Let d = 16 - 15. List the prime factors of 2*(d + (-92)/(-8)).
5
Let d = 34 - 21. Let j be d*3*(-1)/(-3). Let x = j - 7. What are the prime factors of x?
2, 3
Let d(r) = -r**3 + 6*r**2 - 8. Let y be d(6). Suppose 0 = -t - 4*q + 6, 4*q + 4 + 32 = 2*t. Let n = t + y. What are the prime factors of n?
2, 3
Let l(z) = 2*z + 8. Let o be l(-6). Let t(j) = -j - 4. Let v be t(o). Suppose v = -c + 9 + 2. List the prime factors of c.
11
Suppose -2*r - 77 = 3*f - 4*r, 3*f + 3*r + 57 = 0. Suppose -23 = 2*d - 91. Let s = f + d. What are the prime factors of s?
11
Let h(f) = -6*f**2 + 14. Let y(t) = -7*t**2 + 13. Let u(g) = 6*h(g) - 5*y(g). Suppose -o - 4*o = 0, o = 3*z. List the prime factors of u(z).
19
Let y be 0 + -21 - (3 + -2). Let m be (-2)/11 - (-106)/y. Let h(a) = 2*a**2 + 7*a - 1. List the prime factors of h(m).
2, 7
Let d(m) = 4*m + 2. Let o be d(-6). Let f = -9 - o. What are the prime factors of f?
13
Let n(k) = k**2 + 7*k - 4. Let b be n(-8). Suppose x - 5*l = -x + 25, -5*x = b*l - 112. List the prime factors of x.
2, 5
Let v be (3/6 - 0)*0. Let t = 5 - v. List the prime factors of t.
5
Let g(q) = 9*q**3 + q**2. Suppose 0 = -4*k - 5*o + 27, k + o + 9 = 5*o. Suppose -6 = -3*b - k. List the prime factors of g(b).
2, 5
Let i(y) = y**2 + y + 5. Let g(l) = -l**3 - 4*l**2 - 2*l - 4. Let t be g(-3). List the prime factors of i(t).
47
Let p(v) be the first derivative of v**3/3 - 5*v**2 + 11*v - 3. Let q be p(9). Suppose g - 72 = -4*n, 2*n - 64 = -q*n + g. What are the prime factors of n?
17
Let r be (2 - 0) + 0 - -64. Suppose u = -u + r. Suppose 18 = 3*h + 3*s, -5*h - 6*s + u = -2*s. What are the prime factors of h?
3
Let h(z) = 2*z**2 - z - 1. Let q be h(-1). Suppose -4*k = -q*d - 94, 13 = k - 3*d - 8. What are the prime factors of k?
2, 3
Let o(f) = f**3 - 3*f**2 - 3*f + 4. Let v(p) = p**2 - 3*p + 2. Let t be v(3). Let i be -3*6*t/(-9). List the prime factors of o(i).
2
Suppose 0 = -5*x + 7 + 8. Suppose 0 = k - x*j - 2, -3*j - 16 = -3*k + j. List the prime factors of k.
2
Let a(u) = 6*u**2 - 3*u - 5. What are the prime factors of a(4)?
79
List the prime factors of (-68)/(-8) + 2/(-4).
2
Let q(w) = w - 5. Let x be q(8). Suppose 0 = -2*s - 6*l + x*l + 143, -2*s + l + 123 = 0. Suppose -3*r - r = -s. List the prime factors of r.
2
Suppose 4*b = -f, 2*b - 3*b - 2*f = 0. Suppose b = -2*k - 4*x - 16, 2*x - 15 = 7*x. What are the prime factors of -2 - (-10 + k/2)?
3
List the prime factors of 2/((-16)/(-1122)) - (-54)/72.
3, 47
Let h be (-1)/3 + 314/6. Suppose -r - 5*w = 13, -4*r = -2*w + 4*w + h. Let i = -5 - r. List the prime factors of i.
2
Let t(u) = -u**3 + 4*u**2 - 4*u + 2. Let y be t(2). Suppose -3*n = -y*n. List the prime factors of -11*(n - 1)*1.
11
What are the prime factors of (-42 - -11)/((-1)/1)?
31
Suppose 0 = 5*f - 11 - 14. Suppose 2*z - w = f*z - 2, -w - 8 = -2*z. Let i(u) = 2*u**2 - 3*u. List the prime factors of i(z).
2
Let r(a) = 2*a. Let w be 3/1 + (-11 - -5). Let c be r(w). What are the prime factors of -3*2/c - -2?
3
Suppose -10*m - 250 = -12*m. List the prime factors of m.
5
Let w = 2 + 0. Let z be 2/7*(w - -5). Let h = z + 8. What are the prime factors of h?
2, 5
Let g(v) = 28*v + 2. List the prime factors of g(1).
2, 3, 5
Suppose 4*m - 4*a + 16 = 0, 6*a - 16 = 2*m + 2*a. Suppose m = 3*p + 12, 3*v = 3*p - 0*p - 18. Let n = -1 - v. List the prime factors of n.
3
List the prime factors of 4/(-18) + (-418)/(-18).
23
Suppose 3*d + 2*p - 716 = -d, 3*p + 172 = d. List the prime factors of d.
2, 89
Let a = 428 + -177. What are the prime factors of a?
251
Let v = -16 + -4. Let u = v + 33. What are the prime factors of u?
13
Suppose 4*z - 104 = -4*t, 0*t - 3*z + 18 = t. What are the prime factors of t?
2, 3, 5
Suppose 41 = f + 3*z, -3*f - 3*z + 26 = -79. Suppose f = 6*r - 2*r. List the prime factors of r.
2
Suppose 3*o - 2*o = 5. Suppose 5*v - 2*z - 12 = 12, -o*z = 2*v + 2. What are the prime factors of v?
2
Let a = -10 + 14. Suppose -a*z = -0*z - 20. Let d(m) = m**3 - 6*m**2 + 7*m. List the prime factors of d(z).
2, 5
Let r(u) = u**2 + 6*u - 36. What are the prime factors of r(-13)?
5, 11
Let j = -6 - -11. Suppose -x - 108 = -j*x. What are the prime factors of x?
3
Suppose -5*u + 69 = 4*q, -5*u - 3*q + 0*q = -68. Suppose 0 = c - 33 + u. What are the prime factors of c?
2, 5
Let n = 31 - 19. Suppose 2*o - 10 = -4*j + o, -3*o = -6. Suppose j*f - n = f. List the prime factors of f.
2, 3
Let h = 12 - 38. Let i = h + 42. List the prime factors of i.
2
Suppose -10 + 1 = d. Let s = d + 18. List the prime factors of s.
3
Let i be 136/10 + (-2)/(-5). Let l = i + -8. Suppose -3*v + 55 = 4*q, -3*v - l = -v. What are the prime factors of q?
2
Let o be (-361)/(-5) + (-3)/15. Suppose y - o = -y. List the prime factors of y.
2, 3
Suppose w - 28 = -3*i - 10, -4*w + 106 = -5*i. Let z be w + 0*(-3)/(-9). What are the prime factors of ((-7)/(-4))/(3/z)?
2, 7
Let x be (0 + -2 - -2) + 7. List the prime factors of 4 - x - (0 + -23).
2, 5
Let j = 148 - 75. List the prime factors of j.
73
Let o be (-25 + -1)*6/(-12). Suppose 0 = -s + 5*j + o, j = -4*s - j + 52. Suppose -6 - s = -p. List the prime factors of p.
19
Let q(y) = 16*y**3 - 4*y**2 + 8*y - 1. List the prime factors of q(2).
127
Suppose 2*w + 14*w = 4384. What are the prime factors of w?
2, 137
Let i(l) = -2. Let d(r) = -r + 9. Let g(f) = -2*d(f) - 9*i(f). What are the prime factors of g(3)?
2, 3
List the prime factors of -10*((-45)/3)/3.
2, 5
Let s(r) = -4*r**2 + 1. Let z be s(1). Let p be ((-21)/14)/(z/20). What are the prime factors of (-1)/(-3) + p/6?
2
Let v(p) = -3*p - 15. List the prime factors of v(-10).
3, 5
Let l = -1 - -2. Suppose -5*p = -4*a + 11, -10 = -2*p - 2*a - 0*a. What are the prime factors of l - (-3 - (p + -2))?
3
Let b = -25 - -18. Let h = 2 - b. List the prime factors of h.
3
Let r = -13 + 15. Suppose 3*u - 8*u + r*l = -58, 4*u - 52 = -4*l. What are the prime factors of u?
2, 3
Let g(j) = -5*j. Let t be g(-1).